47372?
2, 13, 911
List the prime factors of 8161.
8161
What are the prime factors of 2267?
2267
List the prime factors of 58794.
2, 3, 41, 239
What are the prime factors of 58890?
2, 3, 5, 13, 151
What are the prime factors of 2301?
3, 13, 59
What are the prime factors of 258?
2, 3, 43
List the prime factors of 3118.
2, 1559
List the prime factors of 8643.
3, 43, 67
What are the prime factors of 1778?
2, 7, 127
What are the prime factors of 3154?
2, 19, 83
What are the prime factors of 862?
2, 431
List the prime factors of 2007.
3, 223
List the prime factors of 1415.
5, 283
What are the prime factors of 2636?
2, 659
List the prime factors of 1209.
3, 13, 31
List the prime factors of 14383.
19, 757
What are the prime factors of 1697?
1697
List the prime factors of 67986.
2, 3, 1259
List the prime factors of 7159.
7159
What are the prime factors of 451?
11, 41
What are the prime factors of 2463?
3, 821
List the prime factors of 323.
17, 19
List the prime factors of 61899.
3, 47, 439
List the prime factors of 527.
17, 31
List the prime factors of 2432.
2, 19
What are the prime factors of 15422?
2, 11, 701
List the prime factors of 5077.
5077
List the prime factors of 22217.
13, 1709
What are the prime factors of 23023?
7, 11, 13, 23
What are the prime factors of 95770?
2, 5, 61, 157
What are the prime factors of 1286?
2, 643
What are the prime factors of 607?
607
What are the prime factors of 15125?
5, 11
What are the prime factors of 14286?
2, 3, 2381
What are the prime factors of 11922?
2, 3, 1987
List the prime factors of 42033.
3, 14011
List the prime factors of 1615.
5, 17, 19
What are the prime factors of 1605?
3, 5, 107
List the prime factors of 201.
3, 67
What are the prime factors of 24040?
2, 5, 601
What are the prime factors of 13283?
37, 359
List the prime factors of 543.
3, 181
What are the prime factors of 88278?
2, 3, 14713
What are the prime factors of 5467?
7, 11, 71
What are the prime factors of 6991?
6991
What are the prime factors of 94?
2, 47
What are the prime factors of 54345?
3, 5, 3623
List the prime factors of 433.
433
What are the prime factors of 3141?
3, 349
List the prime factors of 1419.
3, 11, 43
List the prime factors of 92180.
2, 5, 11, 419
List the prime factors of 43124.
2, 10781
List the prime factors of 892.
2, 223
What are the prime factors of 363?
3, 11
List the prime factors of 8603.
7, 1229
What are the prime factors of 19774?
2, 9887
What are the prime factors of 28078?
2, 101, 139
List the prime factors of 40587.
3, 83, 163
What are the prime factors of 59504?
2, 3719
What are the prime factors of 15906?
2, 3, 11, 241
List the prime factors of 810.
2, 3, 5
What are the prime factors of 1199?
11, 109
List the prime factors of 13200.
2, 3, 5, 11
What are the prime factors of 1108?
2, 277
What are the prime factors of 3852?
2, 3, 107
What are the prime factors of 4984?
2, 7, 89
List the prime factors of 6220.
2, 5, 311
What are the prime factors of 653?
653
What are the prime factors of 8056?
2, 19, 53
What are the prime factors of 2185?
5, 19, 23
List the prime factors of 8601.
3, 47, 61
List the prime factors of 2998.
2, 1499
What are the prime factors of 46972?
2, 11743
List the prime factors of 3146.
2, 11, 13
What are the prime factors of 179?
179
List the prime factors of 58001.
31, 1871
What are the prime factors of 22766?
2, 11383
List the prime factors of 29080.
2, 5, 727
List the prime factors of 326.
2, 163
List the prime factors of 16116.
2, 3, 17, 79
What are the prime factors of 83628?
2, 3, 23, 101
What are the prime factors of 6251?
7, 19, 47
What are the prime factors of 2333?
2333
What are the prime factors of 10703?
7, 11, 139
What are the prime factors of 6340?
2, 5, 317
What are the prime factors of 2208?
2, 3, 23
List the prime factors of 1542.
2, 3, 257
What are the prime factors of 1159?
19, 61
List the prime factors of 157545.
3, 5, 389
List the prime factors of 2040.
2, 3, 5, 17
What are the prime factors of 40760?
2, 5, 1019
List the prime factors of 1308.
2, 3, 109
What are the prime factors of 64783?
64783
What are the prime factors of 455?
5, 7, 13
What are the prime factors of 162?
2, 3
What are the prime factors of 26946?
2, 3, 499
What are the prime factors of 1178?
2, 19, 31
What are the prime factors of 31520?
2, 5, 197
What are the prime factors of 27553?
59, 467
List the prime factors of 2718.
2, 3, 151
List the prime factors of 407.
11, 37
What are the prime factors of 37758?
2, 3, 7, 29, 31
List the prime factors of 2246.
2, 1123
List the prime factors of 26340.
2, 3, 5, 439
List the prime factors of 1079.
13, 83
List the prime factors of 10257.
3, 13, 263
List the prime factors of 1722.
2, 3, 7, 41
List the prime factors of 45696.
2, 3, 7, 17
List the prime factors of 12329.
12329
What are the prime factors of 637?
7, 13
What are the prime factors of 5258?
2, 11, 239
What are the prime factors of 2658?
2, 3, 443
List the prime factors of 169333.
313, 541
What are the prime factors of 5125?
5, 41
List the prime factors of 58992.
2, 3, 1229
List the prime factors of 45381.
3, 7, 2161
What are the prime factors of 8074?
2, 11, 367
What are the prime factors of 66099?
3, 11, 2003
What are the prime factors of 3753?
3, 139
What are the prime factors of 3884?
2, 971
What are the prime factors of 7613?
23, 331
List the prime factors of 315.
3, 5, 7
List the prime factors of 2896.
2, 181
List the prime factors of 3428.
2, 857
List the prime factors of 28813.
28813
What are the prime factors of 940?
2, 5, 47
What are the prime factors of 12161?
12161
What are the prime factors of 928?
2, 29
List the prime factors of 44493.
3, 14831
List the prime factors of 14308.
2, 7, 73
What are the prime factors of 1056?
2, 3, 11
What are the prime factors of 9821?
7, 23, 61
List the prime factors of 8446.
2, 41, 103
List the prime factors of 113073.
3, 37691
What are the prime factors of 702?
2, 3, 13
What are the prime factors of 31979?
113, 283
What are the prime factors of 890?
2, 5, 89
List the prime factors of 222.
2, 3, 37
List the prime factors of 116.
2, 29
What are the prime factors of 15453?
3, 17, 101
What are the prime factors of 36451?
36451
List the prime factors of 1717.
17, 101
List the prime factors of 55003.
13, 4231
What are the prime factors of 2719?
2719
What are the prime factors of 3971?
11, 19
List the prime factors of 59179.
23, 31, 83
List the prime factors of 95.
5, 19
List the prime factors of 17465.
5, 7, 499
List the prime factors of 16467.
3, 11, 499
What are the prime factors of 3942?
2, 3, 73
List the prime factors of 2247.
3, 7, 107
What are the prime factors of 40422?
2, 3, 6737
List the prime factors of 95298.
2, 3, 7, 2269
What are the prime factors of 49661?
53, 937
What are the prime factors of 3860?
2, 5, 193
What are the prime factors of 10679?
59, 181
List the prime factors of 9933.
3, 7, 11, 43
What are the prime factors of 7861?
7, 1123
List the prime factors of 586.
2, 293
What are the prime factors of 437?
19, 23
What are the prime factors of 714?
2, 3, 7, 17
What are the prime factors of 2132?
2, 13, 41
List the prime factors of 1704.
2, 3, 71
List the prime factors of 32733.
3, 3637
What are the prime factors of 64?
2
What are the prime factors of 5371?
41, 131
What are the prime factors of 3209?
3209
List the prime factors of 5381.
5381
List the prime factors of 218.
2, 109
What are the prime factors of 4638?
2, 3, 773
List the prime factors of 5159.
7, 11, 67
List the prime factors of 14252.
2, 7, 509
What are the prime factors of 23008?
2, 719
List the prime factors of 28899.
3, 13, 19
What are the prime factors of 714?
2, 3, 7, 17
List the prime factors of 1464.
2, 3, 61
List the prime factors of 1263.
3, 421
List the prime factors of 2102.
2, 1051
List the prime factors of 7465.
5, 1493
What are the prime factors of 2229?
3, 743
List the prime factors of 1139.
17, 67
What are the prime factors of 5925?
3, 5, 79
What are the prime factors of 719?
719
What are the prime factors of 87943?
87943
List the prime factors of 1117.
1117
What are the prime factors of 212?
2, 53
List the prime factors of 87009.
3, 13, 23, 97
List the prime factors of 7384.
2, 13, 71
What are the prime factors of 570?
2, 3, 5, 19
What are the prime factors of